s 1 + -1243?
-1242
In base 7, what is -2650 + 2?
-2645
In base 2, what is 1 + -1000010?
-1000001
In base 7, what is 1356 + 0?
1356
In base 12, what is 89 - 22?
67
In base 16, what is 5 - 3?
2
In base 9, what is 12863 + -3?
12860
In base 10, what is 3 + -19?
-16
In base 12, what is 8a + -19?
71
In base 7, what is -55 + 24?
-31
In base 12, what is 1276 - -4?
127a
In base 3, what is 100121 + -10200?
12221
In base 4, what is -3 - 312?
-321
In base 12, what is -106 + -1?
-107
In base 9, what is -4270 - 2?
-4272
In base 6, what is 5 - 2104?
-2055
In base 12, what is 33 + 59?
90
In base 15, what is 9 - 1ae?
-1a5
In base 11, what is 3 + 118?
120
In base 8, what is 1723 + 16?
1741
In base 11, what is -1989 - 3?
-1991
In base 10, what is 176 + 1?
177
In base 5, what is -1410 + 1?
-1404
In base 6, what is 32 + -23?
5
In base 7, what is 20360 + 5?
20365
In base 13, what is 82 + 1?
83
In base 3, what is -2 - -2220?
2211
In base 8, what is 2 + 3776?
4000
In base 15, what is a4 + -2?
a2
In base 15, what is bab5 - -1?
bab6
In base 8, what is 751 - 1?
750
In base 7, what is 5402 + -5?
5364
In base 10, what is 60 - 156?
-96
In base 15, what is -3788 + 5?
-3783
In base 5, what is -1323 - -14?
-1304
In base 10, what is 2 + 243?
245
In base 7, what is -112 + -35?
-150
In base 3, what is 210 + -111?
22
In base 7, what is 1646 + 5?
1654
In base 9, what is 5 - 5078?
-5073
In base 14, what is 14 - -26?
3a
In base 8, what is 655 - -5?
662
In base 9, what is -125 - 205?
-331
In base 7, what is -15 - 23?
-41
In base 3, what is -11221 - 120?
-12111
In base 13, what is -1a4 + -1b?
-1c2
In base 15, what is 388 + -1?
387
In base 9, what is 443 + 0?
443
In base 15, what is -145 - 2?
-147
In base 7, what is -23 - -30?
4
In base 13, what is -2 - -560?
55b
In base 5, what is -3120 - -4?
-3111
In base 11, what is -31 - -a?
-22
In base 2, what is 1100 + 1110?
11010
In base 12, what is -1a - 9?
-27
In base 4, what is -11 + -1230?
-1301
In base 7, what is -1511 - -1?
-1510
In base 12, what is 176 - -25?
19b
In base 8, what is 143 - -2?
145
In base 3, what is 0 - 100?
-100
In base 6, what is -3 - 245?
-252
In base 14, what is 3 - 2?
1
In base 16, what is 54 + 47?
9b
In base 2, what is 100 + -101110?
-101010
In base 7, what is 343 + -4?
336
In base 16, what is -21 + -2d?
-4e
In base 11, what is -4 + -431?
-435
In base 3, what is -112220 + -11?
-120001
In base 9, what is 502 + -54?
437
In base 2, what is -101001 - -110?
-100011
In base 2, what is 1000 + -10001?
-1001
In base 4, what is 1033120 + 1?
1033121
In base 6, what is -1 - 511?
-512
In base 2, what is 101100011 + 10?
101100101
In base 10, what is -4 + -375?
-379
In base 6, what is -1 - 3213?
-3214
In base 15, what is 3 + 57?
5a
In base 13, what is 256 - -2?
258
In base 13, what is 0 - 5ab?
-5ab
In base 4, what is 23333 - -1?
30000
In base 5, what is -114230 + 3?
-114222
In base 3, what is 2020 - -102?
2122
In base 7, what is 4 - 4462?
-4455
In base 16, what is -842 - -1?
-841
In base 3, what is -112021 + 11?
-112010
In base 13, what is 29b - 2?
299
In base 6, what is -1405 - -4?
-1401
In base 10, what is -38 - -18?
-20
In base 10, what is -4 - -6?
2
In base 9, what is 412 + 1?
413
In base 2, what is -1 + 110010101?
110010100
In base 9, what is 24 - -1?
25
In base 6, what is -24 + -22?
-50
In base 15, what is 29 + 20?
49
In base 7, what is 0 - -12?
12
In base 16, what is e4 + 1?
e5
In base 15, what is 3e9 + 1?
3ea
In base 4, what is 11 + 10?
21
In base 3, what is 120202120 - -1?
120202121
In base 12, what is 12 - 1?
11
In base 6, what is -2 - -423?
421
In base 15, what is 38b3 + 2?
38b5
In base 15, what is 5 - 261?
-25b
In base 7, what is 5 + 165?
203
In base 14, what is -27 + c?
-19
In base 16, what is d - -fa?
107
In base 15, what is -9 - 91?
-9a
In base 7, what is 4 - 444?
-440
In base 8, what is 243 - 1?
242
In base 10, what is -1420 - 2?
-1422
In base 7, what is 3 + -1624?
-1621
In base 13, what is -2477 + -4?
-247b
In base 15, what is 6 + -4e0?
-4d9
In base 2, what is 1001 + 10001110000?
10001111001
In base 6, what is -2 - 2410?
-2412
In base 9, what is -2708 + -1?
-2710
In base 3, what is 0 - 12021?
-12021
In base 4, what is 2010 - 223?
1121
In base 14, what is 106 - 2?
104
In base 5, what is 1232014 - -2?
1232021
In base 7, what is 2 + -4?
-2
In base 16, what is 0 - -5d?
5d
In base 2, what is 1010010001 + 0?
1010010001
In base 2, what is -11000 + -110101?
-1001101
In base 2, what is -100 - -100101?
100001
In base 12, what is 3 + 3750?
3753
In base 3, what is -2 - 2200?
-2202
In base 4, what is 1113 + 10?
1123
In base 15, what is 59e + -1?
59d
In base 9, what is -325 - 1?
-326
In base 16, what is 7 + 127?
12e
In base 3, what is 20220 + -22?
20121
In base 5, what is 144 - -304?
1003
In base 13, what is 19 + 5?
21
In base 16, what is -2f - b?
-3a
In base 13, what is -2c76 - 1?
-2c77
In base 5, what is -4 - -40?
31
In base 5, what is 3 + -43?
-40
In base 7, what is -1 - 266?
-300
In base 9, what is 326 + 5?
332
In base 12, what is 5 - 12?
-9
In base 6, what is -14 + -1000?
-1014
In base 12, what is 8 - a?
-2
In base 4, what is -20 + -2003?
-2023
In base 14, what is -5 + -d1?
-d6
In base 8, what is -51 + 3?
-46
In base 15, what is 2d - -97?
c5
In base 3, what is 20001001 - -10?
20001011
In base 4, what is 11 + -11?
0
In base 8, what is -103 + -1?
-104
In base 6, what is 4522 - 4?
4514
In base 2, what is 1000 + -101110?
-100110
In base 3, what is -100202 + 2?
-100200
In base 7, what is -1050 - 5?
-1055
In base 5, what is 4 + 1034?
1043
In base 8, what is 7 - -7?
16
In base 3, what is 10 - -22002?
22012
In base 7, what is 340 + 1?
341
In base 3, what is -2010102 + 2?
-2010100
In base 6, what is -1 + -3213?
-3214
In base 9, what is -4 + 4?
0
In base 10, what is 2 - 178?
-176
In base 5, what is 13334 - 4?
13330
In base 15, what is 5 - -24?
29
In base 5, what is 114342 - -1?
114343
In base 15, what is 2 - a3?
-a1
In base 12, what is 229 + b?
238
In base 3, what is 22 - -201201?
202000
In base 15, what is -d + a?
-3
In base 14, what is 3 + 368?
36b
In base 8, what is -34040 + 5?
-34033
In base 16, what is a1a + 1?
a1b
In base 13, what is -3b - 133?
-171
In base 9, what is 4 - 1532?
-1527
In base 8, what is -2602 - 3?
-2605
In base 16, what is 200 - -8?
208
In base 9, what is 0 - -3855?
3855
In base 12, what is 18b7 + 1?
18b8
In base 4, what is 1 + 133?
200
In base 2, what is -1000 + -110101?
-111101
In base 5, what is -2041 + 30?
-2011
In base 10, what is -36 - 117?
-153
In base 3, what is 211 + 1000?
1211
In base 15, what is 732 - 3?
72e
In base 5, what is -1013 - 40?
-1103
In base 16, what is 4c - -8?
54
In base 5, what is 0 + -2214?
-2214
In base 10, what is -1374 + -2?
-1376
In base 8, what is -6 + 130?
122
In base 12, what is 3 - aa3?
-aa0
In base 7, what is 55364 + 3?
55400
In base 12, what is 49 + 3?
50
In base 2, what is 1100 - 1100?
0
In base 4, what is 1303 + 3?
1312
In base 4, what is -2201 + -11?
-2212
In base 2, what is -1110 + -11011111000?
-11100000110
In base 9, what is -7 - 3?
-11
In base 5, what is -313 - 10?
-323
In base 3, what is 112 + 20?
202
In base 13, what is -2 + -101?
-103
In base 10, what is 4 - 119?
-115
In base 3, what is 11112210 + 100?
11120010
In base 4, what is 231 + 112?
1003
In base 15, what is -1 - 18?
-19
In base 11, what is -4 - 251?
-255
In base 15, what is 11 + 2a?
3b
In base 9, what is 2 + 112?
114
In base 10, what is -2 + 386?
384
In base 4, what is 0 + 2111?
2111
In base 3, what is -110 + 20?
-20
In base 4, what is 1 + 2012?
2013
In base 11, what is 7 - 719?
-712
In base 6, what is -2 + 1220?
1214
In base 10, what is 86 + -1?
85
In base 13, what is 31a4 + -4?
31a0
In base 13, what is -90 + -25?
-b5
In base 9, what is -10 - 3?
-13
In base 16, what is 6 - -2?
8
In base 12, what is -20b + 1?
-20a
In base 2, what is 0 - 101001?
-101001
In base 3, what is 11 + -1121200?
-1121112
In base 2, what is 10110 - -110011101?
110110011
In base 11, what is -51 + 4?
-48
In base 6, what is 155 + 3?
202
In base 11, what is 6 + 5a?
65
In base 3, what is 20100 + -1?
20022
In base 4, what is 3310 - -10?
3320
In base 13, what is -1292 - -2?
-1290
In base 11, what is 5 - 98?
-93
In base 5, what is -42442 + -1?
-42443
In base 4, what is 10 - -303?
313
In base 2, what is 100110000000 - -10?
100110000010
In ba